{"id":104,"date":"2020-09-09T09:16:09","date_gmt":"2020-09-09T07:16:09","guid":{"rendered":"https:\/\/brfstyrbord.se\/?page_id=104"},"modified":"2022-11-18T10:00:28","modified_gmt":"2022-11-18T09:00:28","slug":"om-oss","status":"publish","type":"page","link":"https:\/\/brfstyrbord.se\/?page_id=104","title":{"rendered":"F\u00f6rvaltning"},"content":{"rendered":"\n<p>Under v\u00e5ren 2017 bildades Bostadsr\u00e4ttsf\u00f6reningen (Brf) Styrbord p\u00e5 Limhamn. Under utveckling och genomf\u00f6rande av projektet har bostadsr\u00e4ttsf\u00f6reningen en s\u00e5 kallad \u201dbyggande styrelse\u201d som tar besluten.<\/p>\n\n\n\n<p>I projektorganisationen \u00e4r Brf Styrbord best\u00e4llare av ett nyckelf\u00e4rdigt bostadskvarter. ELF Development, som ursprungligen k\u00f6pte marken, har tillsammans med J+S Projektutveckling lett all utveckling av bostadskvarteret fr\u00e5n id\u00e9 till det som Brf Styrbord tar \u00f6ver. M\u00e5nga kompetenser har och \u00e4r inblandade under utvecklingen av Styrbord. Till exempel byggbolaget Serneke som \u00e4r byggentrepren\u00f6r f\u00f6r produktionen och Bredablick som \u00e4r Brf:s tekniska och ekonomiska f\u00f6rvaltare n\u00e4r produktionen avslutats.<\/p>\n","protected":false},"excerpt":{"rendered":"<p>Under v\u00e5ren 2017 bildades Bostadsr\u00e4ttsf\u00f6reningen (Brf) Styrbord p\u00e5 Limhamn. Under utveckling och genomf\u00f6rande av projektet har bostadsr\u00e4ttsf\u00f6reningen en s\u00e5 kallad \u201dbyggande styrelse\u201d som tar besluten. I projektorganisationen \u00e4r Brf Styrbord best\u00e4llare av ett nyckelf\u00e4rdigt bostadskvarter. ELF Development, som ursprungligen k\u00f6pte marken, har tillsammans med J+S Projektutveckling lett all utveckling av bostadskvarteret fr\u00e5n id\u00e9 till det &hellip; <\/p>\n<p class=\"link-more\"><a href=\"https:\/\/brfstyrbord.se\/?page_id=104\" class=\"more-link\">Forts\u00e4tt l\u00e4sa<span class=\"screen-reader-text\"> &#8221;F\u00f6rvaltning&#8221;<\/span><\/a><\/p>\n","protected":false},"author":1,"featured_media":0,"parent":0,"menu_order":0,"comment_status":"closed","ping_status":"closed","template":"","meta":{"footnotes":""},"class_list":["post-104","page","type-page","status-publish","hentry"],"_links":{"self":[{"href":"https:\/\/brfstyrbord.se\/index.php?rest_route=\/wp\/v2\/pages\/104","targetHints":{"allow":["GET"]}}],"collection":[{"href":"https:\/\/brfstyrbord.se\/index.php?rest_route=\/wp\/v2\/pages"}],"about":[{"href":"https:\/\/brfstyrbord.se\/index.php?rest_route=\/wp\/v2\/types\/page"}],"author":[{"embeddable":true,"href":"https:\/\/brfstyrbord.se\/index.php?rest_route=\/wp\/v2\/users\/1"}],"replies":[{"embeddable":true,"href":"https:\/\/brfstyrbord.se\/index.php?rest_route=%2Fwp%2Fv2%2Fcomments&post=104"}],"version-history":[{"count":6,"href":"https:\/\/brfstyrbord.se\/index.php?rest_route=\/wp\/v2\/pages\/104\/revisions"}],"predecessor-version":[{"id":918,"href":"https:\/\/brfstyrbord.se\/index.php?rest_route=\/wp\/v2\/pages\/104\/revisions\/918"}],"wp:attachment":[{"href":"https:\/\/brfstyrbord.se\/index.php?rest_route=%2Fwp%2Fv2%2Fmedia&parent=104"}],"curies":[{"name":"wp","href":"https:\/\/api.w.org\/{rel}","templated":true}]}}