{"id":181,"date":"2020-09-14T08:44:16","date_gmt":"2020-09-14T06:44:16","guid":{"rendered":"https:\/\/brfstyrbord.se\/?page_id=181"},"modified":"2022-11-18T10:00:14","modified_gmt":"2022-11-18T09:00:14","slug":"sanitet","status":"publish","type":"page","link":"https:\/\/brfstyrbord.se\/?page_id=181","title":{"rendered":"Sanitet"},"content":{"rendered":"\n<h2 class=\"wp-block-heading\">Ladda ner borschyrer:<\/h2>\n\n\n\n<ul class=\"wp-block-list\"><li><a href=\"https:\/\/brfstyrbord.se\/wp-content\/uploads\/2020\/09\/3.Fels\u0424kningsanvisningar.pdf\" data-type=\"URL\" data-id=\"https:\/\/brfstyrbord.se\/wp-content\/uploads\/2020\/09\/3.Fels\u0424kningsanvisningar.pdf\">Fels\u00f6kningsanvisningar.pdf<\/a><\/li><li><a href=\"https:\/\/brfstyrbord.se\/wp-content\/uploads\/2020\/09\/012-Underhallsbeskrivningar.pdf\" data-type=\"URL\" data-id=\"https:\/\/brfstyrbord.se\/wp-content\/uploads\/2020\/09\/012-Underhallsbeskrivningar.pdf\">Underh\u00e5llsbeksrivningar.pdf<\/a><\/li><li><a href=\"https:\/\/brfstyrbord.se\/wp-content\/uploads\/2020\/09\/Golvbrunn-sk\u0424tselanvisning.pdf\" data-type=\"URL\" data-id=\"https:\/\/brfstyrbord.se\/wp-content\/uploads\/2020\/09\/Golvbrunn-sk\u0424tselanvisning.pdf\">Golvbrunn-sk\u00f6tselanvisning.pdf<\/a><\/li><li><a href=\"https:\/\/brfstyrbord.se\/wp-content\/uploads\/2020\/09\/Golvr\u0414nna-sk\u0424tselanvisningar.pdf\" data-type=\"URL\" data-id=\"https:\/\/brfstyrbord.se\/wp-content\/uploads\/2020\/09\/Golvr\u0414nna-sk\u0424tselanvisningar.pdf\">Golvr\u00e4nna-sk\u00f6tselanvisningar.pdf<\/a><\/li><li><a href=\"https:\/\/brfstyrbord.se\/wp-content\/uploads\/2020\/09\/If\u0424-Renova-tv\u0414ttst\u0414ll.pdf\" data-type=\"URL\" data-id=\"https:\/\/brfstyrbord.se\/wp-content\/uploads\/2020\/09\/If\u0424-Renova-tv\u0414ttst\u0414ll.pdf\">If\u00f6-renova-tv\u00e4ttst\u00e4ll.pdf<\/a><\/li><li><a href=\"https:\/\/brfstyrbord.se\/wp-content\/uploads\/2020\/09\/IF\u0429-Icon-WC.pdf\" data-type=\"URL\" data-id=\"https:\/\/brfstyrbord.se\/wp-content\/uploads\/2020\/09\/IF\u0429-Icon-WC.pdf\">If\u00f6-icon-toalett.pdf<\/a><\/li><li><a href=\"https:\/\/brfstyrbord.se\/wp-content\/uploads\/2020\/09\/V\u0414ggvattenl\u0416s-faluplast.pdf\" data-type=\"URL\" data-id=\"https:\/\/brfstyrbord.se\/wp-content\/uploads\/2020\/09\/V\u0414ggvattenl\u0416s-faluplast.pdf\">Drift-och-sk\u00f6tselinstruktioner.pdf<\/a><\/li><\/ul>\n","protected":false},"excerpt":{"rendered":"<p>Ladda ner borschyrer: Fels\u00f6kningsanvisningar.pdf Underh\u00e5llsbeksrivningar.pdf Golvbrunn-sk\u00f6tselanvisning.pdf Golvr\u00e4nna-sk\u00f6tselanvisningar.pdf If\u00f6-renova-tv\u00e4ttst\u00e4ll.pdf If\u00f6-icon-toalett.pdf Drift-och-sk\u00f6tselinstruktioner.pdf<\/p>\n","protected":false},"author":1,"featured_media":0,"parent":0,"menu_order":0,"comment_status":"closed","ping_status":"closed","template":"","meta":{"footnotes":""},"class_list":["post-181","page","type-page","status-publish","hentry"],"_links":{"self":[{"href":"https:\/\/brfstyrbord.se\/index.php?rest_route=\/wp\/v2\/pages\/181","targetHints":{"allow":["GET"]}}],"collection":[{"href":"https:\/\/brfstyrbord.se\/index.php?rest_route=\/wp\/v2\/pages"}],"about":[{"href":"https:\/\/brfstyrbord.se\/index.php?rest_route=\/wp\/v2\/types\/page"}],"author":[{"embeddable":true,"href":"https:\/\/brfstyrbord.se\/index.php?rest_route=\/wp\/v2\/users\/1"}],"replies":[{"embeddable":true,"href":"https:\/\/brfstyrbord.se\/index.php?rest_route=%2Fwp%2Fv2%2Fcomments&post=181"}],"version-history":[{"count":16,"href":"https:\/\/brfstyrbord.se\/index.php?rest_route=\/wp\/v2\/pages\/181\/revisions"}],"predecessor-version":[{"id":549,"href":"https:\/\/brfstyrbord.se\/index.php?rest_route=\/wp\/v2\/pages\/181\/revisions\/549"}],"wp:attachment":[{"href":"https:\/\/brfstyrbord.se\/index.php?rest_route=%2Fwp%2Fv2%2Fmedia&parent=181"}],"curies":[{"name":"wp","href":"https:\/\/api.w.org\/{rel}","templated":true}]}}