{"id":288,"date":"2020-09-14T09:36:29","date_gmt":"2020-09-14T07:36:29","guid":{"rendered":"https:\/\/brfstyrbord.se\/?page_id=288"},"modified":"2024-01-16T16:40:38","modified_gmt":"2024-01-16T15:40:38","slug":"att-bo-i-bostadsratt","status":"publish","type":"page","link":"https:\/\/brfstyrbord.se\/?page_id=288","title":{"rendered":"Att bo i Bostadsr\u00e4tt"},"content":{"rendered":"\n<p>BOSTADSR\u00c4TT<\/p>\n\n\n\n<p>En bostadsr\u00e4ttsf\u00f6rening \u00e4r en ekonomisk f\u00f6rening som uppl\u00e5ter bost\u00e4der med bostadsr\u00e4tt utan begr\u00e4nsning i tid till sina medlemmar. Bost\u00e4der uppl\u00e5tna med bostadsr\u00e4tt regleras i bostadsr\u00e4ttslagen. Att k\u00f6pa en bostadsr\u00e4tt inneb\u00e4r att man betalar en insats f\u00f6r sin r\u00e4tt att bo i f\u00f6reningens hus. Du k\u00f6per en andel. Medlem blir du genom att du \u00e4ger en andel i f\u00f6reningen. Medlemmarna \u00e4ger och f\u00f6rvaltar f\u00f6reningens hus och anl\u00e4ggningar som h\u00f6r till f\u00f6reningens mark.<\/p>\n\n\n\n<p>STADGAR<\/p>\n\n\n\n<p>Att inneha och bo i en bostadsr\u00e4tt inneb\u00e4r b\u00e5de r\u00e4ttigheter och skyldigheter. I f\u00f6reningens stadgar finns upptaget vad som g\u00e4ller i just din f\u00f6rening.<\/p>\n\n\n\n<p>STYRELSE<\/p>\n\n\n\n<p>Styrelsen har sitt s\u00e4te i Malm\u00f6 kommun. F\u00f6reningens \u00e4ndam\u00e5l \u00e4r att fr\u00e4mja medlemmarnas ekonomiska intressen genom att i f\u00f6reningens hus uppl\u00e5ta bost\u00e4der samt lokaler \u00e5t medlemmar f\u00f6r nyttjande utan tidsbegr\u00e4nsning. <\/p>\n\n\n\n<p>\u00c5RSST\u00c4MMA<\/p>\n\n\n\n<p>Varje \u00e5r h\u00e5lls en ordinarie \u00e5rsst\u00e4mma d\u00e5 medlemmarna tr\u00e4ffas f\u00f6r att g\u00e5 igenom f\u00f6reningens \u00e5rsredovisning och revisionsber\u00e4ttelse samt att v\u00e4lja ny styrelse. Ledam\u00f6terna fr\u00e5n f\u00f6rsta styrelsen har kvar sitt uppdrag tillsammans med nyvalda ledam\u00f6ter och suppleanter cirka ett \u00e5r f\u00f6r att \u00f6verl\u00e4mnandet ska g\u00e5 smidigt.<\/p>\n\n\n\n<p><\/p>\n\n\n\n<p><\/p>\n","protected":false},"excerpt":{"rendered":"<p>BOSTADSR\u00c4TT En bostadsr\u00e4ttsf\u00f6rening \u00e4r en ekonomisk f\u00f6rening som uppl\u00e5ter bost\u00e4der med bostadsr\u00e4tt utan begr\u00e4nsning i tid till sina medlemmar. Bost\u00e4der uppl\u00e5tna med bostadsr\u00e4tt regleras i bostadsr\u00e4ttslagen. Att k\u00f6pa en bostadsr\u00e4tt inneb\u00e4r att man betalar en insats f\u00f6r sin r\u00e4tt att bo i f\u00f6reningens hus. Du k\u00f6per en andel. Medlem blir du genom att du \u00e4ger &hellip; <\/p>\n<p class=\"link-more\"><a href=\"https:\/\/brfstyrbord.se\/?page_id=288\" class=\"more-link\">Forts\u00e4tt l\u00e4sa<span class=\"screen-reader-text\"> &#8221;Att bo i Bostadsr\u00e4tt&#8221;<\/span><\/a><\/p>\n","protected":false},"author":1,"featured_media":0,"parent":0,"menu_order":0,"comment_status":"closed","ping_status":"closed","template":"","meta":{"footnotes":""},"class_list":["post-288","page","type-page","status-publish","hentry"],"_links":{"self":[{"href":"https:\/\/brfstyrbord.se\/index.php?rest_route=\/wp\/v2\/pages\/288","targetHints":{"allow":["GET"]}}],"collection":[{"href":"https:\/\/brfstyrbord.se\/index.php?rest_route=\/wp\/v2\/pages"}],"about":[{"href":"https:\/\/brfstyrbord.se\/index.php?rest_route=\/wp\/v2\/types\/page"}],"author":[{"embeddable":true,"href":"https:\/\/brfstyrbord.se\/index.php?rest_route=\/wp\/v2\/users\/1"}],"replies":[{"embeddable":true,"href":"https:\/\/brfstyrbord.se\/index.php?rest_route=%2Fwp%2Fv2%2Fcomments&post=288"}],"version-history":[{"count":4,"href":"https:\/\/brfstyrbord.se\/index.php?rest_route=\/wp\/v2\/pages\/288\/revisions"}],"predecessor-version":[{"id":1243,"href":"https:\/\/brfstyrbord.se\/index.php?rest_route=\/wp\/v2\/pages\/288\/revisions\/1243"}],"wp:attachment":[{"href":"https:\/\/brfstyrbord.se\/index.php?rest_route=%2Fwp%2Fv2%2Fmedia&parent=288"}],"curies":[{"name":"wp","href":"https:\/\/api.w.org\/{rel}","templated":true}]}}