{"id":293,"date":"2020-09-14T09:46:47","date_gmt":"2020-09-14T07:46:47","guid":{"rendered":"https:\/\/brfstyrbord.se\/?page_id=293"},"modified":"2026-01-12T15:10:15","modified_gmt":"2026-01-12T14:10:15","slug":"brf-styrbord","status":"publish","type":"page","link":"https:\/\/brfstyrbord.se\/?page_id=293","title":{"rendered":"Brf Styrbord"},"content":{"rendered":"\n<p>Under v\u00e5ren 2017 bildades Bostadsr\u00e4ttsf\u00f6reningen (Brf) Styrbord p\u00e5 Limhamn. Under utveckling och genomf\u00f6rande av projektet hade bostadsr\u00e4ttsf\u00f6reningen en s\u00e5 kallad \u201dbyggande styrelse\u201d som tog besluten.<\/p>\n\n\n\n<p><strong>Styrelse<\/strong><\/p>\n\n\n\n<p>Vid \u00e5rsm\u00f6tet den 2025 valdes f\u00f6ljande medlemmar till styrelsen<\/p>\n\n\n\n<p><strong><em>Ordinarie ledam\u00f6ter<\/em><br><\/strong>Anders Lennartsson, ordf\u00f6rande<br>Anne Rantz\u00e9n<br>Lisa Johansson<br>Christian Mattsson<br>Qingyin Liu<br>Mattias Mattsson<br><\/p>\n\n\n\n<p><\/p>\n\n\n\n<p>Styrelsen kontaktas via mejl: <a rel=\"noreferrer noopener\" href=\"mailto:brfstyrbord@gmail.com\" target=\"_blank\"><strong><span style=\"text-decoration: underline;\">brfstyrbord@gmail.com<\/span><\/strong><\/a><\/p>\n\n\n\n<p><\/p>\n","protected":false},"excerpt":{"rendered":"<p>Under v\u00e5ren 2017 bildades Bostadsr\u00e4ttsf\u00f6reningen (Brf) Styrbord p\u00e5 Limhamn. Under utveckling och genomf\u00f6rande av projektet hade bostadsr\u00e4ttsf\u00f6reningen en s\u00e5 kallad \u201dbyggande styrelse\u201d som tog besluten. Styrelse Vid \u00e5rsm\u00f6tet den 2025 valdes f\u00f6ljande medlemmar till styrelsen Ordinarie ledam\u00f6terAnders Lennartsson, ordf\u00f6randeAnne Rantz\u00e9nLisa JohanssonChristian MattssonQingyin LiuMattias Mattsson Styrelsen kontaktas via mejl: brfstyrbord@gmail.com<\/p>\n","protected":false},"author":1,"featured_media":0,"parent":0,"menu_order":0,"comment_status":"closed","ping_status":"closed","template":"","meta":{"footnotes":""},"class_list":["post-293","page","type-page","status-publish","hentry"],"_links":{"self":[{"href":"https:\/\/brfstyrbord.se\/index.php?rest_route=\/wp\/v2\/pages\/293","targetHints":{"allow":["GET"]}}],"collection":[{"href":"https:\/\/brfstyrbord.se\/index.php?rest_route=\/wp\/v2\/pages"}],"about":[{"href":"https:\/\/brfstyrbord.se\/index.php?rest_route=\/wp\/v2\/types\/page"}],"author":[{"embeddable":true,"href":"https:\/\/brfstyrbord.se\/index.php?rest_route=\/wp\/v2\/users\/1"}],"replies":[{"embeddable":true,"href":"https:\/\/brfstyrbord.se\/index.php?rest_route=%2Fwp%2Fv2%2Fcomments&post=293"}],"version-history":[{"count":7,"href":"https:\/\/brfstyrbord.se\/index.php?rest_route=\/wp\/v2\/pages\/293\/revisions"}],"predecessor-version":[{"id":1294,"href":"https:\/\/brfstyrbord.se\/index.php?rest_route=\/wp\/v2\/pages\/293\/revisions\/1294"}],"wp:attachment":[{"href":"https:\/\/brfstyrbord.se\/index.php?rest_route=%2Fwp%2Fv2%2Fmedia&parent=293"}],"curies":[{"name":"wp","href":"https:\/\/api.w.org\/{rel}","templated":true}]}}