{"id":301,"date":"2020-09-14T09:50:20","date_gmt":"2020-09-14T07:50:20","guid":{"rendered":"https:\/\/brfstyrbord.se\/?page_id=301"},"modified":"2022-11-18T10:00:14","modified_gmt":"2022-11-18T09:00:14","slug":"nyhetsbrev","status":"publish","type":"page","link":"https:\/\/brfstyrbord.se\/?page_id=301","title":{"rendered":"Nyhetsbrev"},"content":{"rendered":"\n<p>H\u00e4r hittar du de nyhetsbrev vi skickar ut till dig med j\u00e4mna eller oj\u00e4mna mellanrum.<\/p>\n\n\n\n<p><a href=\"https:\/\/brfstyrbord.se\/wp-content\/uploads\/2021\/01\/Kajkanten-Styrbord-Information-201222.pdf\">Kajkanten-Styrbord-Information-201222.pdf<\/a><\/p>\n\n\n\n<p><a href=\"https:\/\/brfstyrbord.se\/wp-content\/uploads\/2020\/11\/Kajkanten-Information-201125.pdf\">Kajkanten-Information-201125.pdf<\/a> <\/p>\n\n\n\n<p><a href=\"https:\/\/kajkanten.webflow.io\/projekt\/nyhetsbrev-styrbord\">https:\/\/kajkanten.webflow.io\/projekt\/nyhetsbrev-styrbord<\/a><\/p>\n\n\n\n<p><a href=\"https:\/\/brfstyrbord.se\/wp-content\/uploads\/2020\/09\/Kajkanten-Information-201012.pdf\">Kajkanten-Information-201012.pdf<\/a><\/p>\n\n\n\n<p><a href=\"https:\/\/brfstyrbord.se\/wp-content\/uploads\/2021\/02\/medlemsinformation_feb21.pdf\" data-type=\"URL\" data-id=\"https:\/\/brfstyrbord.se\/wp-content\/uploads\/2021\/02\/medlemsinformation_feb21.pdf\">Medlemsinformation 2021-02-10<\/a><\/p>\n\n\n\n<p><a href=\"https:\/\/brfstyrbord.se\/wp-content\/uploads\/2020\/09\/medlemsinformation_april01.pdf\">Medlemsinformation april 2021<\/a><\/p>\n\n\n\n<p><a href=\"https:\/\/brfstyrbord.se\/wp-content\/uploads\/2020\/09\/medlemsinformation_maj.pdf\">Medlemsinformation maj 2021<\/a><\/p>\n\n\n\n<p><a href=\"https:\/\/brfstyrbord.se\/wp-content\/uploads\/2020\/09\/medlemsinformation_juni.pdf\" data-type=\"URL\" data-id=\"https:\/\/brfstyrbord.se\/wp-content\/uploads\/2020\/09\/medlemsinformation_juni.pdf\">Medlemsinformation juni 2021<\/a><\/p>\n\n\n\n<p><a href=\"https:\/\/brfstyrbord.se\/wp-content\/uploads\/2020\/09\/medlemsinformation_juni.pdf\" data-type=\"URL\" data-id=\"https:\/\/brfstyrbord.se\/wp-content\/uploads\/2020\/09\/medlemsinformation_juni.pdf\">Medlemsinformation sep 2021<\/a><\/p>\n\n\n\n<p><a href=\"https:\/\/brfstyrbord.se\/wp-content\/uploads\/2020\/09\/medlemsinformation_nov.pdf\" data-type=\"URL\" data-id=\"https:\/\/brfstyrbord.se\/wp-content\/uploads\/2020\/09\/medlemsinformation_nov.pdf\">Medlemsinformation nov 2021<\/a><\/p>\n","protected":false},"excerpt":{"rendered":"<p>H\u00e4r hittar du de nyhetsbrev vi skickar ut till dig med j\u00e4mna eller oj\u00e4mna mellanrum. Kajkanten-Styrbord-Information-201222.pdf Kajkanten-Information-201125.pdf https:\/\/kajkanten.webflow.io\/projekt\/nyhetsbrev-styrbord Kajkanten-Information-201012.pdf Medlemsinformation 2021-02-10 Medlemsinformation april 2021 Medlemsinformation maj 2021 Medlemsinformation juni 2021 Medlemsinformation sep 2021 Medlemsinformation nov 2021<\/p>\n","protected":false},"author":1,"featured_media":0,"parent":0,"menu_order":0,"comment_status":"closed","ping_status":"closed","template":"","meta":{"footnotes":""},"class_list":["post-301","page","type-page","status-publish","hentry"],"_links":{"self":[{"href":"https:\/\/brfstyrbord.se\/index.php?rest_route=\/wp\/v2\/pages\/301","targetHints":{"allow":["GET"]}}],"collection":[{"href":"https:\/\/brfstyrbord.se\/index.php?rest_route=\/wp\/v2\/pages"}],"about":[{"href":"https:\/\/brfstyrbord.se\/index.php?rest_route=\/wp\/v2\/types\/page"}],"author":[{"embeddable":true,"href":"https:\/\/brfstyrbord.se\/index.php?rest_route=\/wp\/v2\/users\/1"}],"replies":[{"embeddable":true,"href":"https:\/\/brfstyrbord.se\/index.php?rest_route=%2Fwp%2Fv2%2Fcomments&post=301"}],"version-history":[{"count":15,"href":"https:\/\/brfstyrbord.se\/index.php?rest_route=\/wp\/v2\/pages\/301\/revisions"}],"predecessor-version":[{"id":1092,"href":"https:\/\/brfstyrbord.se\/index.php?rest_route=\/wp\/v2\/pages\/301\/revisions\/1092"}],"wp:attachment":[{"href":"https:\/\/brfstyrbord.se\/index.php?rest_route=%2Fwp%2Fv2%2Fmedia&parent=301"}],"curies":[{"name":"wp","href":"https:\/\/api.w.org\/{rel}","templated":true}]}}