{"id":330,"date":"2020-09-14T10:25:45","date_gmt":"2020-09-14T08:25:45","guid":{"rendered":"https:\/\/brfstyrbord.se\/?page_id=330"},"modified":"2022-11-18T10:00:13","modified_gmt":"2022-11-18T09:00:13","slug":"karta","status":"publish","type":"page","link":"https:\/\/brfstyrbord.se\/?page_id=330","title":{"rendered":"Karta"},"content":{"rendered":"\n<figure class=\"wp-block-image size-large\"><img loading=\"lazy\" decoding=\"async\" width=\"940\" height=\"1002\" src=\"https:\/\/brfstyrbord.se\/wp-content\/uploads\/2020\/10\/5e6f9481e4cb9d46e5dbd9d3_karta-3-940x1002-1.jpg\" alt=\"\" class=\"wp-image-1013\" srcset=\"https:\/\/brfstyrbord.se\/wp-content\/uploads\/2020\/10\/5e6f9481e4cb9d46e5dbd9d3_karta-3-940x1002-1.jpg 940w, https:\/\/brfstyrbord.se\/wp-content\/uploads\/2020\/10\/5e6f9481e4cb9d46e5dbd9d3_karta-3-940x1002-1-250x266.jpg 250w, https:\/\/brfstyrbord.se\/wp-content\/uploads\/2020\/10\/5e6f9481e4cb9d46e5dbd9d3_karta-3-940x1002-1-768x819.jpg 768w\" sizes=\"auto, (max-width: 706px) 89vw, (max-width: 767px) 82vw, 740px\" \/><\/figure>\n\n\n\n<h2 class=\"wp-block-heading\"><strong>Mycket mer \u00e4n bara bo<\/strong><\/h2>\n\n\n\n<p>R\u00f6d punkt: Brfstyrbord.<\/p>\n\n\n\n<ol class=\"wp-block-list\"><li>Fendertorget<\/li><li>Bass\u00e4ngparken<\/li><li>Cementparken<\/li><li>Bussh\u00e5llplatser<\/li><li>Multihuset med bl a parkering,f\u00f6rskola,v\u00e5rdcentral,apotek,caf\u00e9<\/li><li>Limhamnsskolan<\/li><li>Glasbrukskolan<\/li><li>Gojens f\u00f6rskola<\/li><li>Friskis &amp; svettis<\/li><li>Restaurang drag\u00f6rkajen<\/li><li>Pizzeria mastio<\/li><li>Limhamns fiskr\u00f6keri<\/li><li>Restaurang spoonery<\/li><li>Utmaningarnas hus<\/li><li>Cykelv\u00e4g mot centrum<\/li><li>Hylliekrokens golfklubb<\/li><\/ol>\n\n\n\n<p><\/p>\n","protected":false},"excerpt":{"rendered":"<p>Mycket mer \u00e4n bara bo R\u00f6d punkt: Brfstyrbord. Fendertorget Bass\u00e4ngparken Cementparken Bussh\u00e5llplatser Multihuset med bl a parkering,f\u00f6rskola,v\u00e5rdcentral,apotek,caf\u00e9 Limhamnsskolan Glasbrukskolan Gojens f\u00f6rskola Friskis &amp; svettis Restaurang drag\u00f6rkajen Pizzeria mastio Limhamns fiskr\u00f6keri Restaurang spoonery Utmaningarnas hus Cykelv\u00e4g mot centrum Hylliekrokens golfklubb<\/p>\n","protected":false},"author":1,"featured_media":0,"parent":0,"menu_order":0,"comment_status":"closed","ping_status":"closed","template":"","meta":{"footnotes":""},"class_list":["post-330","page","type-page","status-publish","hentry"],"_links":{"self":[{"href":"https:\/\/brfstyrbord.se\/index.php?rest_route=\/wp\/v2\/pages\/330","targetHints":{"allow":["GET"]}}],"collection":[{"href":"https:\/\/brfstyrbord.se\/index.php?rest_route=\/wp\/v2\/pages"}],"about":[{"href":"https:\/\/brfstyrbord.se\/index.php?rest_route=\/wp\/v2\/types\/page"}],"author":[{"embeddable":true,"href":"https:\/\/brfstyrbord.se\/index.php?rest_route=\/wp\/v2\/users\/1"}],"replies":[{"embeddable":true,"href":"https:\/\/brfstyrbord.se\/index.php?rest_route=%2Fwp%2Fv2%2Fcomments&post=330"}],"version-history":[{"count":15,"href":"https:\/\/brfstyrbord.se\/index.php?rest_route=\/wp\/v2\/pages\/330\/revisions"}],"predecessor-version":[{"id":1014,"href":"https:\/\/brfstyrbord.se\/index.php?rest_route=\/wp\/v2\/pages\/330\/revisions\/1014"}],"wp:attachment":[{"href":"https:\/\/brfstyrbord.se\/index.php?rest_route=%2Fwp%2Fv2%2Fmedia&parent=330"}],"curies":[{"name":"wp","href":"https:\/\/api.w.org\/{rel}","templated":true}]}}